{"id":87,"date":"2010-04-23T21:38:32","date_gmt":"2010-04-23T21:38:32","guid":{"rendered":"http:\/\/www.bandaparafita.net\/cms\/?page_id=87"},"modified":"2023-01-17T19:31:53","modified_gmt":"2023-01-17T18:31:53","slug":"apresentacao","status":"publish","type":"page","link":"https:\/\/www.bandaparafita.net\/cms\/acerca-da-banda\/apresentacao\/","title":{"rendered":"Apresenta\u00e7\u00e3o"},"content":{"rendered":"<p>&nbsp;<\/p>\n<p style=\"text-align: justify;\"><a class=\"lightbox\" title=\"Banda Musical de Parafita - Bras\u00e3o\" href=\"http:\/\/www.bandaparafita.net\/cms\/wp-content\/uploads\/2010\/04\/SO_BRASAO.png\"><img loading=\"lazy\" decoding=\"async\" class=\"size-thumbnail wp-image-203 aligncenter\" style=\"margin-top: 5px; margin-bottom: 5px;\" title=\"BRAS\u00c3O da BANDA MUSICAL DE PARAFITA\" src=\"http:\/\/www.bandaparafita.net\/cms\/wp-content\/uploads\/2010\/04\/SO_BRASAO-150x150.png\" alt=\"\" width=\"150\" height=\"150\"><\/a>A Banda Musical de Parafita, conta com cerca de 50 elementos e j\u00e1 200 anos de hist\u00f3ria ao servi\u00e7o da cultura musical, dois CD\u2019s gravados e editados. <!--more-->Esta \u00e9 uma banda que participa regularmente em muitas e das mais famosas romarias, sendo presen\u00e7a ass\u00eddua no S\u00e3o Jo\u00e3o de Braga, S\u00e3o Bento da Porta Aberta, Sra. da Sa\u00fade de Valpa\u00e7os, Festas da Vila do Ger\u00eas, Sr. da Piedade em Montalegre, muitas outras festividades nos concelhos de Montalegre, Boticas, Braga, Vila Verde, Vieira do Minho, Amares, Chaves, Viana do Castelo, Fafe, Vila Real e at\u00e9 na vizinha Galiza.<\/p>\n<p style=\"text-align: justify;\">J\u00e1 fez concertos com muito sucesso em v\u00e1rias salas do Norte do Pa\u00eds, entre as quais o audit\u00f3rio do Lar do Com\u00e9rcio na Maia, caves \u201cSandeman\u201d em Vila Nova de Gaia, no audit\u00f3rio de Aveleda em Braga, v\u00e1rias actua\u00e7\u00f5es no Audit\u00f3rio Municipal de Montalegre, entre outros, com plateias quase sempre cheias.<\/p>\n<p style=\"text-align: justify;\">\u00c9 presen\u00e7a ass\u00eddua nas recep\u00e7\u00f5es a entidades oficiais em Montalegre (tocou em v\u00e1rias recep\u00e7\u00f5es e guardas de honra a presidentes da rep\u00fablica, 1\u00bas ministros, ministros, secret\u00e1rios de estado, bispos entre outras autoridades civis, militares e religiosas) sendo uma \u201cbandeira\u201d do concelho, sempre presente nas conhecidas Feiras do Fumeiro, Feiras da Vitela, e tamb\u00e9m em iniciativas pr\u00f3prias, como concertos de Natal, festivais de bandas, concertos tem\u00e1ticos, entre outros.<\/p>\n<p style=\"text-align: justify;\">Realizou, em conjunto com o Grupo Coral de Montalegre, concertos in\u00e9ditos onde a m\u00fasica coral e instrumental se fundiram para proporcionar um espect\u00e1culo diferente e de muito agrado. J\u00e1 acompanhou e integrou diversos instrumentos solistas n\u00e3o muito comuns numa banda, como o acorde\u00e3o e a concertina. Acompanhou cantores a solo. V\u00e1rios dos m\u00fasicos actuais da banda frequentam conservat\u00f3rios e academias de m\u00fasica.<\/p>\n<p style=\"text-align: justify;\">Participou na organiza\u00e7\u00e3o de est\u00e1gios e <em>masterclasses<\/em> para instrumentos de sopros, cordas e percuss\u00e3o das quais destacamos o Workshop de Ver\u00e3o 2009 em Montalegre da Orquestra Metropolitana de Lisboa, no qual estiveram integrados 13 m\u00fasicos da nossa banda e tamb\u00e9m o est\u00e1gio e concerto da Banda F\u00f3rum \u2013 Filarm\u00f3nica Portuguesa em Montalegre em Novembro de 2008 no qual estiveram integrados 10 m\u00fasicos da nossa banda.<\/p>\n<p style=\"text-align: justify;\">No conhecido livro de Bento da Cruz <em>\u201cHist\u00f3rias de Lana Caprina\u201d<\/em> existe um cap\u00edtulo intitulado \u201cOs de Parafita\u201d, cuja narrativa \u00e9 inteiramente dedicada \u00e0s Banda e \u00e0s perip\u00e9cias que os m\u00fasicos passavam nas romarias doutros tempos\u2026<\/p>\n<p style=\"text-align: justify;\">Destaca-se tamb\u00e9m a participa\u00e7\u00e3o no &#8220;Concurso Internacional de Bandas &#8211; CIB Filarmonia D&#8217;Ouro&#8221; em 2014 no Europarque em Santa Maria da Feira, a participa\u00e7\u00e3o no filme \u201cPara Que Este Mundo N\u00e3o Acabe\u201d do famoso realizador Jo\u00e3o Botelho, a reportagem sobre um ensaio da banda feita pelo &#8220;Portugal no Cora\u00e7\u00e3o &#8220;da RTP1&#8221;, a participa\u00e7\u00e3o em directo no programa \u201cPasseio P\u00fablico\u201d da RDP &#8211; Antena 1, artigo de uma p\u00e1gina inteira dedicado a esta Banda no Jornal de Not\u00edcias de 7 de Novembro de 2004, e v\u00e1rias apari\u00e7\u00f5es de destaque nos jornais \u201cO Montalegrense\u201d, \u201cCorreio do Planalto\u201d, \u201cPovo de Barroso\u201d, \u201cA Voz de Chaves\u201d, \u201cSeman\u00e1rio Transmontano\u201d, \u201cNot\u00edcias de Chaves\u201d, \u201cCorreio do Minho\u201d, \u201cJornal de Santo Tirso\u201d, \u201cJornal Maia Hoje\u201d tamb\u00e9m nas r\u00e1dios RM &#8211; R\u00e1dio Montalegre, Antena 1, R\u00e1dio Clube de Pa\u00e7os de Ferreira, R\u00e1dio Voz de Santo Tirso, Antena Minho e nos sites <em><span style=\"text-decoration: underline;\">www.bandasfilarmonicas.com<\/span><\/em> (Site dedicado \u00e0 comunidade de bandas filarm\u00f3nicas de Portugal), <em><span style=\"text-decoration: underline;\">www.tvbarroso.com<\/span><\/em> (TV Barroso \u2013 Televis\u00e3o Online), <em><span style=\"text-decoration: underline;\">www.altotamegatv.com<\/span><\/em> (Alto T\u00e2mega TV \u2013 Televis\u00e3o Online), e <em><span style=\"text-decoration: underline;\">www.cm-montalegre.pt<\/span><\/em> (Munic\u00edpio de Montalegre), entre outros.<\/p>\n<p style=\"text-align: justify;\">Actualmente \u00e9 maestro e director art\u00edstico da Banda e escola de m\u00fasica o Maestro Nuno Cachetas Pinto.<\/p>\n","protected":false},"excerpt":{"rendered":"<p>&nbsp; A Banda Musical de Parafita, conta com cerca de 50 elementos e j\u00e1 200 anos de hist\u00f3ria ao servi\u00e7o da cultura musical, dois CD\u2019s gravados e editados.<\/p>\n","protected":false},"author":4,"featured_media":0,"parent":6,"menu_order":0,"comment_status":"closed","ping_status":"open","template":"","meta":{"ngg_post_thumbnail":0,"footnotes":""},"class_list":["post-87","page","type-page","status-publish","hentry"],"_links":{"self":[{"href":"https:\/\/www.bandaparafita.net\/cms\/wp-json\/wp\/v2\/pages\/87","targetHints":{"allow":["GET"]}}],"collection":[{"href":"https:\/\/www.bandaparafita.net\/cms\/wp-json\/wp\/v2\/pages"}],"about":[{"href":"https:\/\/www.bandaparafita.net\/cms\/wp-json\/wp\/v2\/types\/page"}],"author":[{"embeddable":true,"href":"https:\/\/www.bandaparafita.net\/cms\/wp-json\/wp\/v2\/users\/4"}],"replies":[{"embeddable":true,"href":"https:\/\/www.bandaparafita.net\/cms\/wp-json\/wp\/v2\/comments?post=87"}],"version-history":[{"count":18,"href":"https:\/\/www.bandaparafita.net\/cms\/wp-json\/wp\/v2\/pages\/87\/revisions"}],"predecessor-version":[{"id":1569,"href":"https:\/\/www.bandaparafita.net\/cms\/wp-json\/wp\/v2\/pages\/87\/revisions\/1569"}],"up":[{"embeddable":true,"href":"https:\/\/www.bandaparafita.net\/cms\/wp-json\/wp\/v2\/pages\/6"}],"wp:attachment":[{"href":"https:\/\/www.bandaparafita.net\/cms\/wp-json\/wp\/v2\/media?parent=87"}],"curies":[{"name":"wp","href":"https:\/\/api.w.org\/{rel}","templated":true}]}}