{"id":443,"date":"2013-05-31T00:30:16","date_gmt":"2013-05-30T23:30:16","guid":{"rendered":"http:\/\/www.bandaparafita.net\/cms\/?page_id=443"},"modified":"2020-05-13T20:36:47","modified_gmt":"2020-05-13T19:36:47","slug":"apresentacao","status":"publish","type":"page","link":"https:\/\/www.bandaparafita.net\/cms\/escola-de-musica\/apresentacao\/","title":{"rendered":"Apresenta\u00e7\u00e3o"},"content":{"rendered":"<p style=\"text-align: center;\"><a class=\"lightbox\" title=\"Escola de M\u00fasica\" href=\"http:\/\/www.bandaparafita.net\/cms\/wp-content\/uploads\/2012\/03\/escola_de_msica_-111209102724.jpg\"><img loading=\"lazy\" decoding=\"async\" class=\"thumbnail-post aligncenter\" title=\"Escola de M\u00fasica - Inscri\u00e7\u00f5es Abertas\" src=\"http:\/\/www.bandaparafita.net\/cms\/wp-content\/uploads\/2012\/03\/escola_de_msica_-111209102724-728x1024.jpg\" alt=\"Escola de M\u00fasica - Inscri\u00e7\u00f5es Abertas\" width=\"437\" height=\"614\"><\/a><\/p>\n<p style=\"text-align: justify;\">A escola de m\u00fasica da Banda Musical de Parafita funciona todos os S\u00e1bados na Sede da Banda<\/p>\n<p style=\"text-align: justify;\">O objectivo primordial da escola de m\u00fasica \u00e9 proporcionar aos jovens do concelho a aprendizagem e o interesse pela m\u00fasica, onde infelizmente e por marginaliza\u00e7\u00e3o por parte dos org\u00e3os do poder n\u00e3o existem academias ou conservat\u00f3rios e tamb\u00e9m que os futuros m\u00fasicos cres\u00e7am e fa\u00e7am parte da Banda Musical de Parafita.<\/p>\n<p style=\"text-align: justify;\">A escola \u00e9 dirigida pelo Maestro Manuel Monteiro que \u00e9 tamb\u00e9m professor de sopros-metais, orquestra e forma\u00e7\u00e3o musical. Conta ainda com os professores: Hugo Freitas (trompa e forma\u00e7\u00e3o musical), In\u00eas Almeida (clarinete), Pedro Magalh\u00e3es (trombone), Jos\u00e9 Aguiar (percuss\u00e3o), Leonor Monteiro (flauta) e Jos\u00e9 Alves (saxofone).<\/p>\n<p style=\"text-align: justify;\">Neste momento \u00e9 frequentada por cerca de 30 alunos com idades entre os 9 e os 24 anos.<\/p>\n<p style=\"text-align: justify;\">O ensino ministrado na escola de m\u00fasica&nbsp; procura seguir as metodologias e programas ministrados nos conservat\u00f3rios p\u00fablicos.<\/p>\n<p style=\"text-align: justify;\">Falta referir que o ensino \u00e9 gratuito e os interessados em ingressar na escola de m\u00fasica devem dirigir-se \u00e0 sede da Banda na localidade de Parafita.<\/p>\n<p><strong><a href=\"http:\/\/www.bandaparafita.net\/cms\/wp-content\/uploads\/2010\/04\/Escola_de_Msic-8038_111209105955.pdf\">FICHA DE INSCRI\u00c7\u00c3O PARA A ESCOLA DE M\u00daSICA (PDF) \u00bb\u00bb<\/a><\/strong><\/p>\n<p>OU<\/p>\n<p><strong><a title=\"Inscri\u00e7\u00e3o Online\" href=\"\/cms\/?page_id=484\">INSCREVA-SE ONLINE AQUI\u00bb\u00bb<\/a><\/strong><\/p>\n<p><strong><a title=\"Reportagem Sobre a Escola de M\u00fasica\" href=\"http:\/\/www.bandaparafita.net\/cms\/?p=382\">REPORTAGEM SOBRE&nbsp; A ESCOLA DE M\u00daSICA PUBLICADA NA IMPRENSA REGIONAL \u00bb\u00bb<\/a><\/strong><\/p>\n<p>&nbsp;<\/p>\n<p>&nbsp;<\/p>\n","protected":false},"excerpt":{"rendered":"<p>A escola de m\u00fasica da Banda Musical de Parafita funciona todos os S\u00e1bados na Sede da Banda O objectivo primordial da escola de m\u00fasica \u00e9 proporcionar aos jovens do concelho<\/p>\n<p class=\"more-link\"><a href=\"https:\/\/www.bandaparafita.net\/cms\/escola-de-musica\/apresentacao\/\" class=\"readmore\">Ler mais&#8230;<span class=\"screen-reader-text\">Apresenta\u00e7\u00e3o<\/span><\/a><\/p>\n","protected":false},"author":3,"featured_media":0,"parent":141,"menu_order":0,"comment_status":"closed","ping_status":"open","template":"","meta":{"ngg_post_thumbnail":0,"footnotes":""},"class_list":["post-443","page","type-page","status-publish","hentry"],"_links":{"self":[{"href":"https:\/\/www.bandaparafita.net\/cms\/wp-json\/wp\/v2\/pages\/443","targetHints":{"allow":["GET"]}}],"collection":[{"href":"https:\/\/www.bandaparafita.net\/cms\/wp-json\/wp\/v2\/pages"}],"about":[{"href":"https:\/\/www.bandaparafita.net\/cms\/wp-json\/wp\/v2\/types\/page"}],"author":[{"embeddable":true,"href":"https:\/\/www.bandaparafita.net\/cms\/wp-json\/wp\/v2\/users\/3"}],"replies":[{"embeddable":true,"href":"https:\/\/www.bandaparafita.net\/cms\/wp-json\/wp\/v2\/comments?post=443"}],"version-history":[{"count":9,"href":"https:\/\/www.bandaparafita.net\/cms\/wp-json\/wp\/v2\/pages\/443\/revisions"}],"predecessor-version":[{"id":1385,"href":"https:\/\/www.bandaparafita.net\/cms\/wp-json\/wp\/v2\/pages\/443\/revisions\/1385"}],"up":[{"embeddable":true,"href":"https:\/\/www.bandaparafita.net\/cms\/wp-json\/wp\/v2\/pages\/141"}],"wp:attachment":[{"href":"https:\/\/www.bandaparafita.net\/cms\/wp-json\/wp\/v2\/media?parent=443"}],"curies":[{"name":"wp","href":"https:\/\/api.w.org\/{rel}","templated":true}]}}