{"id":210,"date":"2010-04-24T13:56:07","date_gmt":"2010-04-24T13:56:07","guid":{"rendered":"http:\/\/www.bandaparafita.net\/cms\/?page_id=210"},"modified":"2020-06-01T23:28:33","modified_gmt":"2020-06-01T22:28:33","slug":"fotos-actuais","status":"publish","type":"page","link":"https:\/\/www.bandaparafita.net\/cms\/multimedia\/imagens\/fotos-actuais\/","title":{"rendered":"Fotos Actuais"},"content":{"rendered":"<p><strong>EM ACTUALIZA\u00c7\u00c3O&#8230;<\/strong><\/p>\n<p><strong>Concerto de Ver\u00e3o 2013<\/strong><\/p>\nngg_shortcode_0_placeholder\n<p><strong>25 de Abril 2013<\/strong><\/p>\nngg_shortcode_1_placeholder\n<p><strong>25 de Abril 2012<\/strong><\/p>\nngg_shortcode_2_placeholder\n<p><strong>25 de Abril 2010<\/strong><\/p>\nngg_shortcode_3_placeholder\nngg_shortcode_4_placeholder\nngg_shortcode_5_placeholder\n<p><strong>Concerto de Natal 2009<\/strong><\/p>\nngg_shortcode_6_placeholder\n<p><strong>Grupos Locais no Audit\u00f3rio Municipal<\/strong><\/p>\nngg_shortcode_7_placeholder\n<p><strong>Workshop OML Montalegre 2009<\/strong><\/p>\nngg_shortcode_8_placeholder\n<p><strong>Festa da Banda 2009<\/strong><\/p>\nngg_shortcode_9_placeholder\n<p><strong>Banda F\u00f3rum em Montalegre 2008<\/strong><\/p>\nngg_shortcode_10_placeholder\n","protected":false},"excerpt":{"rendered":"<p>EM ACTUALIZA\u00c7\u00c3O&#8230; Concerto de Ver\u00e3o 2013 25 de Abril 2013 25 de Abril 2012 25 de Abril 2010 Concerto de Natal 2009 Grupos Locais no Audit\u00f3rio Municipal Workshop OML Montalegre<\/p>\n<p class=\"more-link\"><a href=\"https:\/\/www.bandaparafita.net\/cms\/multimedia\/imagens\/fotos-actuais\/\" class=\"readmore\">Ler mais&#8230;<span class=\"screen-reader-text\">Fotos Actuais<\/span><\/a><\/p>\n","protected":false},"author":4,"featured_media":0,"parent":101,"menu_order":0,"comment_status":"closed","ping_status":"open","template":"","meta":{"ngg_post_thumbnail":0,"footnotes":""},"class_list":["post-210","page","type-page","status-publish","hentry"],"_links":{"self":[{"href":"https:\/\/www.bandaparafita.net\/cms\/wp-json\/wp\/v2\/pages\/210","targetHints":{"allow":["GET"]}}],"collection":[{"href":"https:\/\/www.bandaparafita.net\/cms\/wp-json\/wp\/v2\/pages"}],"about":[{"href":"https:\/\/www.bandaparafita.net\/cms\/wp-json\/wp\/v2\/types\/page"}],"author":[{"embeddable":true,"href":"https:\/\/www.bandaparafita.net\/cms\/wp-json\/wp\/v2\/users\/4"}],"replies":[{"embeddable":true,"href":"https:\/\/www.bandaparafita.net\/cms\/wp-json\/wp\/v2\/comments?post=210"}],"version-history":[{"count":9,"href":"https:\/\/www.bandaparafita.net\/cms\/wp-json\/wp\/v2\/pages\/210\/revisions"}],"predecessor-version":[{"id":1491,"href":"https:\/\/www.bandaparafita.net\/cms\/wp-json\/wp\/v2\/pages\/210\/revisions\/1491"}],"up":[{"embeddable":true,"href":"https:\/\/www.bandaparafita.net\/cms\/wp-json\/wp\/v2\/pages\/101"}],"wp:attachment":[{"href":"https:\/\/www.bandaparafita.net\/cms\/wp-json\/wp\/v2\/media?parent=210"}],"curies":[{"name":"wp","href":"https:\/\/api.w.org\/{rel}","templated":true}]}}

<p><strong>EM ACTUALIZAÇÃO&#8230;</strong></p>
<p><strong>Concerto de Verão 2013</strong></p>
ngg_shortcode_0_placeholder
<p><strong>25 de Abril 2013</strong></p>
ngg_shortcode_1_placeholder
<p><strong>25 de Abril 2012</strong></p>
ngg_shortcode_2_placeholder
<p><strong>25 de Abril 2010</strong></p>
ngg_shortcode_3_placeholder
ngg_shortcode_4_placeholder
ngg_shortcode_5_placeholder
<p><strong>Concerto de Natal 2009</strong></p>
ngg_shortcode_6_placeholder
<p><strong>Grupos Locais no Auditório Municipal</strong></p>
ngg_shortcode_7_placeholder
<p><strong>Workshop OML Montalegre 2009</strong></p>
ngg_shortcode_8_placeholder
<p><strong>Festa da Banda 2009</strong></p>
ngg_shortcode_9_placeholder
<p><strong>Banda Fórum em Montalegre 2008</strong></p>
ngg_shortcode_10_placeholder

<p>EM ACTUALIZAÇÃO&#8230; Concerto de Verão 2013 25 de Abril 2013 25 de Abril 2012 25 de Abril 2010 Concerto de Natal 2009 Grupos Locais no Auditório Municipal Workshop OML Montalegre</p>
<p class="more-link"><a href="https://www.bandaparafita.net/cms/multimedia/imagens/fotos-actuais/" class="readmore">Ler mais&#8230;<span class="screen-reader-text">Fotos Actuais</span></a></p>
